common divisor of 442 and 39?
13
Calculate the greatest common factor of 26181 and 9.
9
What is the greatest common factor of 913 and 249?
83
Calculate the greatest common factor of 18435 and 15.
15
What is the highest common divisor of 126 and 531?
9
Calculate the highest common divisor of 2001 and 828.
69
Calculate the greatest common divisor of 46 and 621.
23
What is the highest common factor of 16596 and 36?
36
Calculate the highest common divisor of 21299 and 59.
59
Calculate the greatest common factor of 1378 and 884.
26
Calculate the highest common factor of 245 and 98.
49
What is the greatest common factor of 18748 and 172?
172
What is the highest common factor of 92 and 40388?
92
What is the greatest common factor of 846 and 126?
18
What is the highest common divisor of 42 and 2632?
14
Calculate the highest common divisor of 140 and 420.
140
What is the greatest common divisor of 800 and 32?
32
Calculate the highest common factor of 14670 and 30.
30
What is the greatest common divisor of 16 and 5?
1
Calculate the greatest common factor of 119 and 34.
17
Calculate the greatest common factor of 13 and 2.
1
What is the greatest common divisor of 8 and 11864?
8
Calculate the greatest common divisor of 6331 and 13.
13
What is the highest common factor of 325 and 1651?
13
Calculate the greatest common divisor of 9 and 5949.
9
What is the highest common factor of 225 and 12900?
75
What is the highest common divisor of 15 and 40485?
15
Calculate the highest common factor of 1529 and 176.
11
What is the highest common divisor of 529 and 46?
23
Calculate the highest common divisor of 18 and 18.
18
What is the greatest common divisor of 737 and 11?
11
Calculate the highest common divisor of 6105 and 165.
165
Calculate the highest common divisor of 28 and 12.
4
What is the highest common factor of 770 and 35?
35
What is the greatest common factor of 1241 and 34?
17
What is the highest common divisor of 570 and 2250?
30
Calculate the highest common factor of 135 and 1515.
15
What is the highest common divisor of 10 and 4580?
10
Calculate the highest common divisor of 1153 and 1.
1
What is the highest common divisor of 33919 and 107?
107
Calculate the greatest common factor of 12 and 276.
12
What is the greatest common factor of 11985 and 51?
51
Calculate the greatest common factor of 216 and 96.
24
Calculate the highest common divisor of 14 and 2208.
2
Calculate the greatest common factor of 2224 and 208.
16
Calculate the greatest common divisor of 6424 and 220.
44
Calculate the highest common divisor of 450 and 20.
10
Calculate the highest common divisor of 133 and 304.
19
What is the highest common divisor of 14 and 5747?
7
Calculate the highest common divisor of 13 and 1079.
13
What is the highest common factor of 10 and 1160?
10
What is the highest common divisor of 91 and 3822?
91
Calculate the greatest common divisor of 7 and 49.
7
Calculate the highest common divisor of 72 and 2250.
18
What is the greatest common divisor of 260 and 455?
65
What is the greatest common divisor of 330 and 418?
22
What is the greatest common factor of 40 and 10752?
8
Calculate the highest common divisor of 88 and 11.
11
What is the highest common factor of 3 and 347?
1
Calculate the greatest common divisor of 1728 and 516.
12
Calculate the highest common divisor of 57 and 108.
3
Calculate the greatest common divisor of 5 and 1615.
5
Calculate the greatest common factor of 63 and 1218.
21
What is the highest common factor of 50 and 880?
10
Calculate the highest common divisor of 77 and 253.
11
Calculate the highest common divisor of 323 and 1349.
19
Calculate the highest common factor of 21 and 175.
7
Calculate the greatest common factor of 40 and 6180.
20
What is the highest common factor of 405 and 2985?
15
Calculate the greatest common divisor of 8694 and 552.
138
What is the greatest common divisor of 700 and 392?
28
What is the highest common divisor of 71 and 568?
71
Calculate the highest common factor of 245 and 210.
35
Calculate the greatest common divisor of 366 and 12.
6
What is the greatest common divisor of 21 and 119?
7
What is the highest common divisor of 259 and 444?
37
Calculate the greatest common divisor of 10 and 54.
2
Calculate the highest common divisor of 9648 and 1.
1
What is the highest common factor of 8 and 152?
8
What is the greatest common divisor of 513 and 27?
27
What is the greatest common divisor of 28 and 427?
7
What is the highest common factor of 338 and 104?
26
What is the greatest common divisor of 18 and 156?
6
What is the highest common divisor of 91 and 2197?
13
What is the highest common divisor of 48 and 256?
16
What is the highest common factor of 8526 and 1044?
174
Calculate the greatest common divisor of 4693 and 13.
13
Calculate the highest common divisor of 2576 and 2898.
322
Calculate the highest common divisor of 31024 and 112.
112
What is the highest common factor of 21 and 777?
21
Calculate the highest common factor of 15811 and 652.
163
What is the highest common divisor of 36 and 27276?
12
What is the greatest common factor of 5 and 85?
5
What is the highest common divisor of 10 and 310?
10
What is the greatest common factor of 20195 and 5?
5
Calculate the greatest common factor of 114 and 1406.
38
What is the greatest common factor of 1 and 24?
1
What is the highest common divisor of 40 and 224?
8
Calculate the highest common divisor of 705 and 120.
15
Calculate the greatest common factor of 1288 and 133.
7
Calculate the highest common factor of 44 and 2794.
22
What is the greatest common divisor of 3 and 243?
3
Calculate the highest common divisor of 1104 and 299.
23
What is the greatest common divisor of 60 and 1608?
12
What is the highest common divisor of 206 and 3193?
103
What is the greatest common divisor of 12160 and 800?
160
Calculate the greatest common factor of 2270 and 250.
10
What is the greatest common divisor of 53 and 8427?
53
What is the greatest common factor of 98 and 56?
14
What is the greatest common factor of 40 and 2770?
10
What is the greatest common factor of 15 and 165?
15
Calculate the greatest common factor of 9 and 2187.
9
Calculate the greatest common factor of 180 and 25020.
180
Calculate the highest common factor of 24 and 32268.
12
Calculate the greatest common factor of 369 and 328.
41
Calculate the highest common divisor of 32 and 12.
4
What is the greatest common factor of 264 and 3256?
88
What is the highest common divisor of 1683 and 18?
9
What is the highest common factor of 11 and 3289?
11
What is the highest common divisor of 2266 and 2884?
206
What is the greatest common divisor of 3 and 249?
3
Calculate the highest common divisor of 1647 and 2013.
183
What is the highest common divisor of 120 and 312?
24
Calculate the highest common divisor of 9477 and 819.
117
What is the highest common factor of 3030 and 150?
30
What is the greatest common divisor of 114 and 9291?
57
What is the greatest common divisor of 22339 and 502?
251
What is the highest common divisor of 5735 and 370?
185
What is the highest common factor of 10 and 30?
10
Calculate the highest common factor of 6432 and 6.
6
What is the highest common factor of 12 and 1779?
3
What is the greatest common factor of 63 and 147?
21
What is the highest common divisor of 303 and 12?
3
What is the highest common divisor of 84 and 300?
12
Calculate the highest common factor of 32 and 2936.
8
What is the highest common divisor of 62 and 961?
31
Calculate the highest common factor of 20 and 180.
20
What is the highest common divisor of 52 and 3978?
26
What is the highest common divisor of 1872 and 7200?
144
Calculate the greatest common factor of 13 and 143.
13
Calculate the greatest common factor of 117 and 243.
9
What is the highest common factor of 3 and 81?
3
Calculate the highest common factor of 756 and 882.
126
Calculate the greatest common divisor of 83 and 3.
1
What is the highest common factor of 30 and 48?
6
What is the greatest common divisor of 56 and 252?
28
Calculate the greatest common factor of 10 and 430.
10
What is the highest common divisor of 1086 and 12?
6
Calculate the greatest common divisor of 340 and 136.
68
Calculate the highest common divisor of 3233 and 53.
53
Calculate the highest c